{"id":28,"date":"2015-12-04T13:07:48","date_gmt":"2015-12-04T11:07:48","guid":{"rendered":"http:\/\/www.line-xtr.com\/?page_id=28"},"modified":"2019-10-14T14:52:31","modified_gmt":"2019-10-14T11:52:31","slug":"linex-corum","status":"publish","type":"page","link":"https:\/\/www.line-xtr.com\/index.php\/bayilerimiz\/linex-corum\/","title":{"rendered":"Line-X \u00c7orum"},"content":{"rendered":"<p><strong>Adres:<\/strong>&nbsp;K\u00fc\u00e7\u00fck Sanayi Sitesi 77. Sk. No:3 \u00c7orum \/ T\u00fcrkiye<br \/>\n<strong>Gsm:<\/strong> +90 (0542) 2874731 \/ (0533) 680 51 35<br \/>\n<strong>\u0130lgili Ki\u015fi:&nbsp;<\/strong>Yavuz \u00c7a\u011fr\u0131 \u00d6zarslan<br \/>\n<strong>Web:<\/strong> <a href=\"http:\/\/www.linexistanbul.com\/\" target=\"_blank\" rel=\"noopener noreferrer\">www.armovy.com <\/a><br \/>\n<strong>E-Posta:<\/strong>&nbsp;<a href=\"mailto:info@linexistanbul.com\">info@armovy.com<\/a><\/p>\n<p>&nbsp;<\/p>\n<p>&nbsp;<\/p>\n","protected":false},"excerpt":{"rendered":"<p>Adres:&nbsp;K\u00fc\u00e7\u00fck Sanayi Sitesi 77. Sk. No:3 \u00c7orum \/ T\u00fcrkiye Gsm: +90 (0542) 2874731 \/ (0533) 680 51 35 \u0130lgili Ki\u015fi:&nbsp;Yavuz \u00c7a\u011fr\u0131 \u00d6zarslan Web: www.armovy.com E-Posta:&nbsp;info@armovy.com &nbsp; &nbsp;<\/p>\n","protected":false},"author":1,"featured_media":0,"parent":25,"menu_order":3,"comment_status":"closed","ping_status":"closed","template":"","meta":{"footnotes":""},"_links":{"self":[{"href":"https:\/\/www.line-xtr.com\/index.php\/wp-json\/wp\/v2\/pages\/28"}],"collection":[{"href":"https:\/\/www.line-xtr.com\/index.php\/wp-json\/wp\/v2\/pages"}],"about":[{"href":"https:\/\/www.line-xtr.com\/index.php\/wp-json\/wp\/v2\/types\/page"}],"author":[{"embeddable":true,"href":"https:\/\/www.line-xtr.com\/index.php\/wp-json\/wp\/v2\/users\/1"}],"replies":[{"embeddable":true,"href":"https:\/\/www.line-xtr.com\/index.php\/wp-json\/wp\/v2\/comments?post=28"}],"version-history":[{"count":7,"href":"https:\/\/www.line-xtr.com\/index.php\/wp-json\/wp\/v2\/pages\/28\/revisions"}],"predecessor-version":[{"id":247,"href":"https:\/\/www.line-xtr.com\/index.php\/wp-json\/wp\/v2\/pages\/28\/revisions\/247"}],"up":[{"embeddable":true,"href":"https:\/\/www.line-xtr.com\/index.php\/wp-json\/wp\/v2\/pages\/25"}],"wp:attachment":[{"href":"https:\/\/www.line-xtr.com\/index.php\/wp-json\/wp\/v2\/media?parent=28"}],"curies":[{"name":"wp","href":"https:\/\/api.w.org\/{rel}","templated":true}]}}