{"id":190,"date":"2017-07-25T19:06:01","date_gmt":"2017-07-25T16:06:01","guid":{"rendered":"http:\/\/www.line-xtr.com\/?page_id=190"},"modified":"2019-10-14T14:54:10","modified_gmt":"2019-10-14T11:54:10","slug":"linex-duzce","status":"publish","type":"page","link":"https:\/\/www.line-xtr.com\/index.php\/bayilerimiz\/linex-duzce\/","title":{"rendered":"Line-X D\u00fczce"},"content":{"rendered":"<p><strong>Adres:<\/strong>&nbsp;D\u00fczce \/ T\u00fcrkiye<br \/>\n<strong>Gsm:<\/strong>&nbsp;+90 532 312 54 19<br \/>\n<strong>\u0130lgili Ki\u015fi:&nbsp;<\/strong>Mehmet G\u00fclmez<br \/>\n<strong>Web:<\/strong><br \/>\n<strong>E-Posta:<\/strong><\/p>\n","protected":false},"excerpt":{"rendered":"<p>Adres:&nbsp;D\u00fczce \/ T\u00fcrkiye Gsm:&nbsp;+90 532 312 54 19 \u0130lgili Ki\u015fi:&nbsp;Mehmet G\u00fclmez Web: E-Posta:<\/p>\n","protected":false},"author":1,"featured_media":0,"parent":25,"menu_order":4,"comment_status":"closed","ping_status":"closed","template":"","meta":{"footnotes":""},"_links":{"self":[{"href":"https:\/\/www.line-xtr.com\/index.php\/wp-json\/wp\/v2\/pages\/190"}],"collection":[{"href":"https:\/\/www.line-xtr.com\/index.php\/wp-json\/wp\/v2\/pages"}],"about":[{"href":"https:\/\/www.line-xtr.com\/index.php\/wp-json\/wp\/v2\/types\/page"}],"author":[{"embeddable":true,"href":"https:\/\/www.line-xtr.com\/index.php\/wp-json\/wp\/v2\/users\/1"}],"replies":[{"embeddable":true,"href":"https:\/\/www.line-xtr.com\/index.php\/wp-json\/wp\/v2\/comments?post=190"}],"version-history":[{"count":2,"href":"https:\/\/www.line-xtr.com\/index.php\/wp-json\/wp\/v2\/pages\/190\/revisions"}],"predecessor-version":[{"id":248,"href":"https:\/\/www.line-xtr.com\/index.php\/wp-json\/wp\/v2\/pages\/190\/revisions\/248"}],"up":[{"embeddable":true,"href":"https:\/\/www.line-xtr.com\/index.php\/wp-json\/wp\/v2\/pages\/25"}],"wp:attachment":[{"href":"https:\/\/www.line-xtr.com\/index.php\/wp-json\/wp\/v2\/media?parent=190"}],"curies":[{"name":"wp","href":"https:\/\/api.w.org\/{rel}","templated":true}]}}